 58 = 0, 5*s + 89 = 4*z. What is the tens digit of z?
2
Let s(n) = -n**2 + n + 4. Let p be s(3). What is the tens digit of (18/(-45))/(p/130)?
2
Suppose -z + 3*m - 6*m = 5, 4*z + 12 = -4*m. Let o be (-7)/21*(-1 + z). What is the units digit of (o - 5)*(-3)/4?
3
Let s(i) = -i**2 - 8*i - 6. Suppose -3*r + 4*r = 0. Suppose 3*x - 5*w + 26 = r, 5*x + 2*w - 10 = -43. What is the units digit of s(x)?
1
Let l(s) = -s**2 + 4*s - 3. Let m be l(3). Suppose m*d - 32 = -d. Suppose -2*k = 2*k - d. What is the units digit of k?
8
What is the units digit of (-85)/(-1) - (-8)/(-2)?
1
Suppose 4*o + d - 12 = 0, -2*o + 3*d - 10 = -o. What is the units digit of o?
2
What is the units digit of 2/7 + (-318)/(-14)?
3
What is the units digit of (-3)/((-3)/7) + 0?
7
Let q(p) = -3*p + 5. What is the units digit of q(-9)?
2
Let j(y) = 2*y**2 - 5*y + 19. What is the tens digit of j(7)?
8
Suppose i + 9*i - 40 = 0. What is the units digit of i?
4
What is the units digit of (-130)/(-4)*(1 - -1)?
5
Let n = -7 + 9. Suppose 0 = -n*v - 0*v + 12. What is the units digit of v + 1 + -1 + -2?
4
Let r = 256 + -118. What is the units digit of r?
8
Let z(i) = -i - 13. What is the units digit of z(-18)?
5
Suppose -6*v + v - 2*n + 2 = 0, -3*n = -v + 14. Let k(m) = -3*m**2 + 4*m**v - 3*m + 2 - 3. What is the units digit of k(5)?
9
Suppose 22 + 8 = f. What is the tens digit of f?
3
Let p = 63 + -28. What is the tens digit of p?
3
Suppose 0*n = 4*r - 5*n - 390, 0 = -5*r + n + 477. What is the tens digit of r?
9
Let w = 214 + -147. What is the units digit of w?
7
Suppose q = 4*d - 11, 0 = 2*d - 4*q + 9 + 3. Suppose 3*x = 5*f + 40 - 5, 80 = 5*x - d*f. What is the units digit of x?
0
Suppose 22 + 3 = -5*v. What is the units digit of 2/v - (-210)/25?
8
Let a = 10 + -7. Suppose -44 = -a*w - 8. What is the tens digit of w?
1
Let i = -37 + 2. Let h be (-91)/i + 2/5. Let d = -2 + h. What is the units digit of d?
1
What is the hundreds digit of ((-3)/(-2))/(12/1184)?
1
Let q = 0 + 1. What is the units digit of (2 - (3 + q))*-2?
4
Suppose -p - 5 + 2 = 0, 0 = -3*w + 3*p - 9. What is the units digit of (8/6)/(w/(-9))?
2
Suppose i = 4*i. Let j = 7 + i. What is the units digit of j?
7
Let y(s) be the first derivative of 5*s**4 + s**3/3 - 4. What is the units digit of y(1)?
1
Let q(k) = 20*k**2 - 2*k - 2. What is the units digit of q(2)?
4
Let g = 40 - 27. Suppose 0 = 3*b - g - 65. What is the tens digit of b?
2
Let f(w) = w**2 + 134. Let p be f(0). Suppose p + 118 = 7*j. What is the units digit of j?
6
Let y(r) = -r**2 - 4*r + 4. Let b be y(-4). Suppose -h + b = 2. Suppose -h*w + 46 = -2*m - 0*m, 2*m = -2. What is the units digit of w?
2
Suppose z - 6*z - 50 = 0. Let r = z + 22. What is the tens digit of r?
1
Suppose 35 = -2*v - 57. Let b = 78 + v. What is the tens digit of b?
3
Suppose 2*k = -0*k + 378. Suppose 4*i + k = 7*i. Suppose 18 - i = -5*f. What is the units digit of f?
9
Suppose 6*h - h = 0. Let i be (-9 + 2)*(-2 - 0). Suppose h = 3*a + 2*n - 2 - 4, -2*a = -2*n - i. What is the units digit of a?
4
Let t = -92 - -159. What is the tens digit of t?
6
What is the units digit of 7 + 4552/56 + 2/(-7)?
8
Let c = 13 - 8. What is the tens digit of 151/c + (-3)/15?
3
What is the units digit of ((-12456)/54)/((-2)/3)?
6
Let m(r) = 2*r**3 + 21*r**2 + 5*r - 18. What is the units digit of m(-8)?
2
Suppose -2*w = -2*z - 9 - 5, 3*z = -4*w + 14. Let g = z + 5. Suppose 2*b = -g*j - 3*b + 28, 4*b - 38 = -5*j. What is the units digit of j?
6
Let q = 37 + 10. What is the tens digit of q?
4
Suppose -3 = -l + 2. Let n = l - -3. What is the units digit of n?
8
Let w be (4/2)/(-2) + 6. Suppose u = w*u - 20. Suppose 5 + 20 = u*j. What is the units digit of j?
5
Suppose 3*w = -40 + 130. What is the units digit of w?
0
Let p = 67 + -38. Suppose 2*w - w - p = 0. Suppose -2*u + t + 26 = 6*t, 5*t - w = -3*u. What is the units digit of u?
3
Let f be -12*-1*(-1 - -2). What is the units digit of 7/(7/2) + f?
4
What is the tens digit of (1/(-3))/((-10)/600)?
2
Let z = 8 - -19. Let r be (4/(-12))/((-3)/z). Suppose -r*v + 33 = -4*t + 3, t = -2*v + 20. What is the tens digit of v?
1
Suppose -u + 0*p = -3*p + 7, 0 = 3*u - 3*p - 3. Suppose 30 = -3*n + 8*n. Suppose n*k - 15 = u*k. What is the units digit of k?
5
Suppose 4*c + v = 244, 4*v = 4*c - 43 - 201. What is the units digit of c?
1
Suppose -75 = 5*l - 0*l. Let a = l + 22. What is the units digit of a?
7
Suppose -3*i = -m + 54, m - 2*i = -0*i + 52. Suppose 0*u = 4*u - m. What is the units digit of u?
2
Let r be 2/(-4) + (-66)/(-4). Let o = r - 10. What is the units digit of o?
6
Let k(u) = 5*u - 16. Let p be k(12). Suppose 4*i + 46 = x + x, -2*x + p = -5*i. What is the tens digit of x?
2
What is the units digit of -6*10/(-8)*2?
5
Suppose -102 = -3*r + r. Suppose -i - 2*b + 6 = -9, r = 4*i + 5*b. What is the units digit of i?
9
Let d(m) = 2*m**3 - 5*m**2 - 4*m. Let b be d(4). Let y(c) = -4*c - 5. Let l be y(-5). Let r = b - l. What is the units digit of r?
7
Let d(q) = -q**3 + 7*q**2 + 3*q - 9. Let b be d(7). Let i = -7 + b. What is the units digit of i?
5
Let s(t) = t**3 + 2*t**2 - 1. Let r(z) = -z - 3. Let w be r(-4). What is the units digit of s(w)?
2
Let h(j) = j**2 - 3*j + 4. Let c be h(5). Suppose c*p - 75 = 11*p. What is the tens digit of p?
2
Suppose 0 = -5*h - 5 + 15. Suppose 5*a - 7*a = -h. What is the units digit of a?
1
Let z be 1/(-3)*(-1 + -8). Suppose 0*a = z*a - 6. What is the units digit of a?
2
Let k be 1/(4*(-1)/(-528)). Suppose -r - k = -5*r. What is the units digit of r?
3
Suppose 4*t - 192 = 4*l, -2*t - 3*l + l = -88. What is the tens digit of t?
4
Suppose 0 = p - 4*p + 15. Let g = p - 2. What is the units digit of (-36)/(-5) + g/(-15)?
7
Let n = 17 - 12. Let m = n + 1. Suppose -m*c + 2*c = -60. What is the tens digit of c?
1
Suppose 0*v - 2*v = -102. What is the units digit of v?
1
Let f(b) = 5*b**3 + 6*b - 3. What is the tens digit of f(2)?
4
Let w(f) = -2*f + 27. Let b be w(11). Suppose -39 - 51 = -b*q. What is the units digit of q?
8
Let d(c) = c**3 + 2*c**2 - 5*c + 2. Let t be d(-4). Let l be (t/(-4))/(1/2). Suppose 0 = l*s - 11 - 9. What is the units digit of s?
4
Let p be -2 - 1/(1/(-23)). Suppose 3*o - g = -4*g - 18, p = -o - 4*g. What is the units digit of 2/(o/((-7)/2))?
7
What is the tens digit of ((-100)/7)/(14/(-49))?
5
Let l(y) = -6*y - 2. Let z be ((-2)/(-3))/((-2)/6). What is the tens digit of l(z)?
1
Let r be ((-12)/36)/((-2)/(-18)). What is the units digit of 2 - (r + (-68)/4)?
2
Let q(o) = -o**2 - 4*o + 5. Let g be q(-5). Suppose 3*h = -6*k + 5*k, g = -2*k - 4*h + 2. Suppose 0 = -k*y + 3 - 0. What is the units digit of y?
1
Let f(j) = -19*j**3 + j**2 - 1. Let k be f(-1). What is the tens digit of k/2 + 2/4?
1
Suppose 4*q + 13 = -g, -2*q + q - 1 = g. Suppose -4*s + 11 = -9. Let r = s - g. What is the units digit of r?
2
Suppose 1 = -5*u + 11. Let s = 17 + u. What is the tens digit of s?
1
Let l(d) = -2*d**3 - 4*d**2 - 3*d - 2. Let u be l(-2). Suppose u*m - 11 - 65 = 0. What is the units digit of m?
9
Let j(o) = o**3 - 3*o**2 + o + 1. Let y be j(2). Let d = 11 + y. What is the units digit of d?
0
Let f(q) = q**3 + q**2 - 3*q + 0*q**2 + 4*q + 4. Let i be f(0). Let l = i + -2. What is the units digit of l?
2
Suppose 2*c + 2*n - 18 = 0, 0 = -c - 3*n + n + 13. Suppose -u = c*f + 10, -f + 2*u - 22 = 3*f. What is the units digit of (-2 - f)*21/3?
7
Let b(v) = 2*v. Let m be (-99)/21 - 2/7. Let p = -1 - m. What is the units digit of b(p)?
8
Let l be (-1 + -4)/(2 + -3). Suppose -l*h + 42 = -33. What is the units digit of h?
5
Let k(m) = m**2 - 3*m + 1. Let o be k(2). What is the units digit of (3/(-6))/(o/2)?
1
What is the units digit of (-7)/(-28) - 478/(-8)?
0
Suppose 4*o + 3*p = 45, 4*o - 43 = -0*o - 5*p. Let y = 1 + o. What is the units digit of y?
3
Let o(r) = r - 2. Let f be o(2). Let x(l) = 1 + l - 3 + f. What is the units digit of x(3)?
1
Let b = -446 + 683. What is the hundreds digit of b?
2
Suppose d = -d + 48. Suppose 0 = -2*f + 5*f - d. Let o = f - 6. What is the units digit of o?
2
Suppose 0 = 3*h - 39 + 9. Suppose h = a - z, -2*a - 5*z - 43 = -6*a. What is the units digit of a?
7
Suppose 3*p - 987 = 3*l, 3*p - 2*p + 2*l - 320 = 0. What is the hundreds digit of p?
3
Suppose 0 = -4*s - s. Suppose 4*t + v = 9, 4*v - 22 = -2*t - s*t. Wh